68. Give j(11).
-1109
Let b(p) = 1959*p + 23529. Calculate b(-12).
21
Let t(z) = -10*z**2 - 42*z + 295. What is t(-8)?
-9
Let x(v) = v**3 - 18*v**2 - 21*v + 955. Determine x(11).
-123
Let d(x) = 1259*x - 45284. Calculate d(36).
40
Let s(a) = -a**3 + 4*a**2 - 73*a + 1055. Determine s(0).
1055
Let l(a) = -4194*a - 84255. What is l(-20)?
-375
Let z(f) = -2930*f - 202159. Calculate z(-69).
11
Let t(l) = l**3 + 15*l**2 - 204*l + 82. Determine t(-22).
1182
Let j(o) = -o**3 + 307*o**2 + 14256*o + 97. What is j(-41)?
589
Let v(m) = -2*m**2 - 226*m - 6164. Give v(-46).
0
Let r(z) = -1679*z - 258. Determine r(-1).
1421
Let z(c) = 4859*c + 213784. Give z(-44).
-12
Let h(z) = -13*z**3 - 562*z**2 - 4365*z - 445. Give h(-10).
5
Let p(l) = 11*l**2 + 35*l + 246. Determine p(-8).
670
Let o(d) = -5*d**3 - 5292*d**2 - 7456*d - 60246. Give o(-1057).
3
Let k(y) = y**3 + 77*y**2 - 497*y - 68. Give k(-83).
-151
Let d(c) = -10039*c + 2941421. What is d(293)?
-6
Let d(k) = -3*k**3 + 17*k**2 - 28*k + 302. Calculate d(-9).
4118
Let m(a) = 135*a**2 + 112*a - 209. Determine m(2).
555
Let u(q) = -135455*q - 677256. Calculate u(-5).
19
Let m(d) = -4*d**3 - 7*d**2 + 115*d - 346. Calculate m(6).
-772
Let w(z) = 2*z**2 + 1096*z - 8886. Determine w(-556).
10
Let i(a) = -a**3 + 516*a**2 + 4472*a - 2280. Determine i(-9).
-3
Let o(h) = 552*h + 195565. Determine o(-355).
-395
Let k(p) = 6841*p + 123176. Determine k(-18).
38
Let u(n) = -50*n**2 + 644*n + 6567. Give u(-10).
-4873
Let p(i) = i**3 + 26*i**2 + 170*i - 79. Give p(-17).
-368
Let b(n) = 4*n**2 - 1833*n + 59667. Give b(423).
24
Let a(f) = -f**3 - 24*f**2 + 40*f + 256. What is a(-28)?
2272
Let b(j) = -37*j**2 + 8*j - 20. Determine b(1).
-49
Let z(x) = 7*x**2 + 428*x - 3262. Calculate z(-68).
2
Let f(q) = 4*q**2 - 252*q + 193. What is f(67)?
1265
Let p(c) = 129*c**3 - 5*c**2 + 282*c + 581. Give p(-2).
-1035
Let t(m) = 25242*m + 328892. Calculate t(-13).
746
Let s(c) = -c**3 + 1227*c**2 - 7315*c - 13418. Calculate s(1221).
13
Let h(o) = 5*o**3 + 2695*o**2 + 23862*o + 6367. Calculate h(-530).
7
Let h(m) = -129*m + 710. Determine h(-9).
1871
Let x(b) = -1691*b + 710. Determine x(1).
-981
Let n(p) = p**3 - 59*p**2 - 129076*p - 5443. Calculate n(390).
17
Let y(p) = -6*p**2 + 6761*p - 1835189. Calculate y(671).
-4
Let o(v) = 5*v**2 - 510*v - 19622. What is o(132)?
178
Let q(i) = -27*i**2 - 886*i - 40. What is q(-30)?
2240
Let o(l) = -33*l + 334. Calculate o(-13).
763
Let c(o) = -294*o + 88465. What is c(301)?
-29
Let g(b) = -56*b**3 - 14*b**2 + 6*b + 2. Give g(1).
-62
Let y(k) = -80*k**2 - 451*k - 534. Determine y(-5).
-279
Let g(b) = -b**2 + 19*b + 97. Calculate g(-6).
-53
Let d(w) = 51*w**3 + 1733*w**2 - 31*w + 11. What is d(-34)?
-91
Let o(q) = -q**3 - 9*q**2 - 3*q - 5. Calculate o(-6).
-95
Let n(m) = 2*m**3 - 440*m**2 + 3175*m - 599349. Calculate n(219).
54
Let s(j) = j**3 + 6*j**2 - 154*j + 431. Give s(4).
-25
Let w(l) = 9*l**2 + 2908*l + 64686. Give w(-24).
78
Let z(a) = -48857*a + 977175. Determine z(20).
35
Let j(i) = -5*i**3 + 155*i**2 - 1032*i + 895. Give j(8).
-1
Let m(t) = -t**3 + 62*t**2 - 195*t + 51. Determine m(3).
-3
Let v(b) = -5707*b - 291141. What is v(-51)?
-84
Let v(o) = 14*o**3 + 1083*o - 1083. Give v(1).
14
Let m(n) = n**3 - 124602*n**2 - 747647*n + 4. What is m(-6)?
-2
Let b(w) = 53*w**2 - 3048*w + 1660. What is b(57)?
121
Let q(z) = 388*z - 27858. Determine q(72).
78
Let q(n) = 36*n**2 + 1901*n + 59. What is q(-53)?
430
Let v(x) = x**2 - 27925*x - 195513. Give v(-7).
11
Let m(r) = 20*r**2 - 740*r - 9. Calculate m(37).
-9
Let v(g) = g**3 - 285*g**2 + 1379*g + 104. Give v(5).
-1
Let y(h) = -2*h**2 - 245*h - 6123. Calculate y(-32).
-331
Let x(w) = 428*w**2 - 5087*w + 131. Determine x(12).
719
Let f(c) = -976*c - 5014. What is f(-5)?
-134
Let z(c) = 3*c**2 + 1159*c + 13837. Determine z(-12).
361
Let f(a) = -4*a**3 + 93*a**2 + 69*a - 54. Calculate f(24).
-126
Let a(u) = 10*u**3 - 32*u**2 - 95*u + 221. Calculate a(2).
-17
Let v(u) = 2357*u + 209803. Determine v(-89).
30
Let l(j) = 388690*j + 14381539. Give l(-37).
9
Let o(r) = -r**2 + 1862*r + 31689. Determine o(-17).
-254
Let u(x) = x**3 + 136*x**2 - 134*x + 441. Calculate u(-137).
30
Let d(i) = -4074*i + 4322500. What is d(1061)?
-14
Let h(q) = 149*q - 2572. Calculate h(17).
-39
Let c(s) = s**3 - 32*s**2 + 85*s + 72. Calculate c(29).
14
Let t(k) = -23*k**3 - 35*k**2 - 143*k - 110. Determine t(-1).
21
Let f(l) = -76*l - 4238. What is f(-55)?
-58
Let p(s) = s**3 + 122*s**2 - 3*s - 3827. Give p(0).
-3827
Let w(z) = -35610*z + 427317. Determine w(12).
-3
Let w(m) = 2*m**3 + 41*m**2 + 254. Determine w(-20).
654
Let h(r) = -317*r**2 + 325876*r - 8. Give h(1028).
-8
Let k(z) = 546*z + 12907. Determine k(-25).
-743
Let n(d) = -d**3 - 40*d**2 + 160*d + 1380. Calculate n(-43).
47
Let w(v) = 802*v - 25212. Give w(32).
452
Let t(s) = s**3 + 75*s**2 + 418*s + 241. Give t(-69).
-35
Let g(y) = 16849*y - 33790. Give g(2).
-92
Let z(c) = 308*c - 140252. What is z(454)?
-420
Let z(b) = 257*b - 83582. Calculate z(324).
-314
Let z(r) = r**2 + 580*r - 227284. Calculate z(-848).
-20
Let q(d) = -6*d**2 + 5426*d - 708704. Calculate q(746).
-4
Let k(b) = -b**3 + 81*b**2 + 204*b + 27670. Give k(87).
4
Let y(k) = 158*k**2 - 1411*k - 67. What is y(9)?
32
Let g(b) = -b**3 - 65*b**2 - 1022*b - 322. Calculate g(-39).
-10
Let x(f) = f**3 - 219*f**2 - 699*f + 7344. What is x(222)?
18
Let u(f) = -64*f**2 - 34*f - 39. Calculate u(-4).
-927
Let c(d) = -82*d**2 + 5503*d - 5401. What is c(1)?
20
Let w(x) = -x**3 + 9*x**2 + 3*x - 10. Determine w(5).
105
Let u(z) = 2860*z + 8644. Calculate u(-3).
64
Let t(m) = 42*m**3 - 633*m**2 + 1144*m - 16489. Calculate t(15).
-4
Let c(v) = 10634*v + 457256. Determine c(-43).
-6
Let k(d) = d**3 - 48*d**2 + 14*d + 259. Calculate k(47).
-1292
Let a(j) = 445*j + 49606. What is a(-111)?
211
Let f(l) = 351842*l - 12314468. Calculate f(35).
2
Let x(v) = 2*v**3 - 37*v**2 + 240*v - 3710. Determine x(17).
-497
Let b(y) = -24860*y - 24874. Calculate b(-1).
-14
Let c(u) = 3*u**2 + 134*u - 6820. Calculate c(-75).
5
Let l(a) = -20*a + 1325. Calculate l(147).
-1615
Let x(o) = 1721478*o - 20657731. Calculate x(12).
5
Let s(h) = 2*h**3 - 35*h**2 - 172*h + 396. Give s(22).
968
Let b(a) = a**3 - 115*a**2 - 11549*a + 23543. Give b(2).
-7
Let w(b) = 980*b - 151550. Determine w(154).
-630
Let c(n) = n**3 + 12*n**2 - 332*n + 2995. Give c(-27).
1024
Let i(b) = -b**3 - 725*b**2 - 19524*b - 131. What is i(-28)?
93
Let f(o) = 149*o + 512. What is f(-3)?
65
Let g(d) = 415*d + 73029. Give g(-176).
-11
Let f(t) = 5*t**3 + 162*t**2 + 111*t + 1495. What is f(-32)?
-9
Let p(b) = -b**2 - 88*b - 5319. Calculate p(-68).
-3959
Let k(i) = 3296*i + 79121. What is k(-24)?
17
Let n(f) = -f**3 + 15*f**2 + 2685*f - 27408. What is n(10)?
-58
Let a(i) = -22*i**2 + 159*i - 283. Determine a(2).
-53
Let w(g) = 2549*g + 1496261. Give w(-587).
-2
Let d(o) = -7259*o - 72593. Calculate d(-10).
-3
Let j(r) = -2*r**3 + 20*r**2 + 41*r + 53. Give j(12).
-31
Let n(d) = 143*d - 2678. Give n(19).
39
Let a(u) = -323*u + 1655. Give a(6).
-283
Let u(r) = -2*r**3 + 2*r**2 + 48*r + 55. Determine u(-4).
23
Let q(j) = -357*j**2 + 6531*j + 13060. Calculate q(-2).
-1430
Let t(v) = -35*v**2 + 1394*v - 3651. What is t(37)?
12
Let u(g) = 451*g + 61874. Calculate u(-124).
5950
Let d(x) = -8*x**2 + 1216*x - 9311. Give d(8).
-95
Let x(m) = 12*m**3 - 4824*m**2 + 337*m - 135473. Give x(402).
1
Let d(x) = 147*x**2 + 824*x + 385. Calculate d(-5).
-60
Let h(d) = -3255*d - 140012. Give h(-43).
-47
Let b(n) = 8*n**2 - 149*n - 710. Give b(-5).
235
Let r(h) = 10*h**2 + 518*h + 302. Calculate r(-56).
2654
Let d(i) = -31*i**3 + 9615*i**2 - 1538*i - 3736. Calculate d(310).
-16
Let m(g) = -g**3 - 7*g**2 - 993*g - 4966. Determine m(-5).
-51
Let h(o) = -2397*o**2 - 3431*o - 3. What is h(-1)?
1031
Let q(y) = y**3 - 94*y**2 - 22126*y + 106. What is q(-109)?
-3
Let n(m) = -m**3 + 52*m**2 - 207*m + 787. What is n(48)?
67
Let n(s) = 281*s**2 - 48880*s - 2433. Give n(174).
3
Let o(s) = 5726*s + 56342. Give o(-10).
-918
Let f(v) = -3*v**3 + 141*v**2 - 1004*v - 62. Determine f(8).
-606
Let f(x) = 378*x**2 - 13893*x - 3431. Determine f(37).
10
Let f(g) = 11*g**2 + 1562*g - 8091. What is f(-147)?
-6
Let s(f) = -12*f**2 + 143*f + 145. What is s(6)?
571
Let